-2. Is o(a) a composite number?
True
Let t(l) = 13*l**2 + 6*l - 2. Is t(-5) a prime number?
True
Suppose 4*u - 1339 + 399 = 0. Is u composite?
True
Let y(i) = -i + 37. Is y(0) a prime number?
True
Let p = -5 + 7. Suppose -p*x + 11 = i, 0 = -5*i - 2*x - 2*x + 79. Is i a composite number?
False
Let r(f) = 320*f - 33. Is r(7) a prime number?
True
Suppose -a + 262 + 85 = 0. Is a composite?
False
Let a be (7 - 2)*(-48)/5. Let m = -61 + 35. Let p = m - a. Is p a composite number?
True
Let w(t) = 6*t**2 - 19*t - 45. Is w(-10) prime?
False
Let q be -1 + (106 - -1)*1. Let s = 2 + 0. Is s - 3/((-6)/q) a composite number?
True
Is (-4)/(-6) + 64725/45 prime?
True
Let n = 515 + 900. Is n composite?
True
Let w = -371 + 624. Is w a prime number?
False
Let i be (-1)/(-8)*-2*-28. Let q(o) = o**2 - 5*o - 6. Let n be q(i). Suppose 3*k + 3*m - n*m = 30, -3*k + 3*m = -36. Is k prime?
False
Let y(r) = 7*r**3 - 6*r**2 - 4*r - 5. Is y(8) a composite number?
False
Suppose 4*x - x - 167 = 5*o, 3*o - 271 = -4*x. Suppose 3*q = -4*d - 0*q - 60, -d + 2*q = 15. Let h = d + x. Is h prime?
False
Let s(x) = -13*x - 10. Let y = 11 + -18. Let u be s(y). Let a = -55 + u. Is a a prime number?
False
Let f(o) = 3*o - 4. Let u be f(3). Suppose 3*q + u*c - 1273 = c, -4*c = 8. Is q a composite number?
True
Let x = -164 - -543. Is x a composite number?
False
Let s(i) = -i**3 + 24*i**2 + 13*i + 23. Is s(20) prime?
False
Is 37540/80 - (-1)/(-4) composite?
True
Let y be 3/12 - (-1045)/(-4). Let x = -2 - y. Is x prime?
False
Let u = 181 + 406. Is u prime?
True
Let b = 2 - 1. Let a be 1*b/2*0. Is 80 - (a + -2) - 0 a composite number?
True
Let o = 1171 - -82. Is o a prime number?
False
Suppose -3*w = -333 - 0. Suppose w = 2*c - 59. Is c prime?
False
Let p be (-2 - (-22)/(-1)) + -2. Is (-160)/p + (-2)/13 a prime number?
False
Let y = -11628 + 18431. Is y a prime number?
True
Is (-14)/(-77) - (-24231)/11 a prime number?
True
Suppose 31 + 849 = 5*f. Let a = f - 65. Is a prime?
False
Let j = -207 + 335. Suppose b + 3*r = j, r = -8 + 3. Is b a prime number?
False
Let m = -16 + 36. Let o = 52 - m. Suppose 2*k = o + 66. Is k prime?
False
Let a(u) be the third derivative of -u**5/60 + 7*u**4/24 + u**3/2 - 2*u**2. Let k be a(6). Is -3 + k - 0/1 a composite number?
True
Let p = 3 + 0. Suppose -u - p = -10. Is u prime?
True
Suppose o = 4 - 6. Is ((-94)/3)/(o/3) a prime number?
True
Let m(h) = 100*h**2 - 13*h - 6. Is m(5) a composite number?
True
Suppose y + 395 = 3*a, a + y = -0*y + 125. Suppose -a = -3*c + c. Is c prime?
False
Suppose 0 = 10*b - 356 - 414. Is b prime?
False
Suppose 0 = 3*c + 6 - 0. Let b(d) = -d + 4. Let a be b(5). Is (1/c)/(a/254) a prime number?
True
Let z(t) = 609*t**3 - 5*t**2 + 7*t - 5. Is z(2) a prime number?
True
Suppose 4*j - 5 = 19. Let m(n) = -9*n**3 - 25*n**2 + 4*n + 15. Let x(p) = -5*p**3 - 13*p**2 + 2*p + 8. Let b(d) = -6*m(d) + 11*x(d). Is b(j) prime?
False
Let z be (-1)/((-4)/(-40)*-2). Suppose -319 = -z*w + 471. Is w composite?
True
Suppose 68 + 352 = -3*s. Let w = s + 255. Suppose -x + 2*x - w = 0. Is x a composite number?
True
Let f = 935 + -489. Suppose w = -w + f. Is w a prime number?
True
Let a be 65 + -3 - (1 - -1). Let c be (3 - a)/(-3) - 2. Suppose 0 = 2*j - 0*j + 4*f + 14, -f = -4*j + c. Is j composite?
False
Suppose -7*g + 45 = -2*g. Let d(w) = w**2 - 3*w + 13. Is d(g) composite?
False
Let p(m) = -3*m**3 + 4*m**3 - m - 4*m**2 - 2*m - 6. Let o be p(5). Suppose 3*q + 165 = 3*a + 4*q, 220 = o*a - q. Is a prime?
False
Suppose -3*b - 4 = 5*a - 54, -2*b - a + 31 = 0. Suppose -5*k + 140 = b. Is k a prime number?
False
Let s(r) = r**3 + 7*r**2 - 4*r - 9. Let h(j) = -j - 1. Let i(w) = 4*h(w) - s(w). Let p be i(-7). Let t(q) = -q**3 + 7*q**2 - 7*q + 6. Is t(p) composite?
True
Let o = 82 + -48. Let s = o - 19. Is s a prime number?
False
Let d(j) = 3*j + 1. Is d(6) a composite number?
False
Suppose 5*d = 23 + 52. Let k be ((-8)/20)/((-1)/d). Let u(q) = q**3 - 3*q**2 - 8*q + 7. Is u(k) prime?
True
Let x(f) = -2*f**3 - f**2 - 3*f - 4. Let w(k) = k**2 + k + 1. Let p(d) = -5*w(d) - x(d). Let i = -5 - -9. Is p(i) composite?
True
Let q(x) = -x - 16. Let o be q(-7). Let m be 2/4*-8 - -4. Is 16 + o + (m - -2) composite?
True
Suppose 3 = -d + 2*d - 3*q, 2*d + 14 = -4*q. Let j = d + 10. Let p(y) = -y**2 + 10*y - 8. Is p(j) a composite number?
False
Let y = -8 - -10. Suppose -65 = -3*q + r, 2*q - y*r + r - 42 = 0. Is q prime?
True
Let x = 119 + -57. Suppose -5*r - x = -a, 0 = 4*a + 2*r - 323 + 9. Is a composite?
True
Is 1 - 3 - (4 - 5)*339 prime?
True
Let t(a) = 4*a**2 + 2*a + 1. Let j be t(-1). Suppose c + 25 = 6*c, -d - j = -c. Suppose 0 = -d*m - 3*p + 38, -m + 12 + 7 = p. Is m a composite number?
False
Let o = 217 + -94. Is o a composite number?
True
Let f(p) = p + 7. Let o be f(-8). Let q = 0 - 2. Is o - (q - -2) - -58 a composite number?
True
Suppose 0*l = -4*q + 2*l + 50, -q + 11 = l. Suppose q = a + 3*a. Suppose 0 = -a*g + 233 + 4. Is g a prime number?
True
Let l(r) = r**3 - 4*r + 1. Let i be l(6). Suppose 5*p = 3*a - 240, 0 = 7*a - 2*a + 5*p - 360. Suppose 2*o + i = 3*f, -2*f + f - 2*o + a = 0. Is f composite?
False
Suppose -2*n - 4*h = -20, -4*n + 15 = -n + h. Suppose n*o - 632 = j, -4*o - o + 779 = -4*j. Is o a prime number?
False
Suppose 3*x = 6*x - 1737. Is x composite?
True
Let w = 1926 - 1369. Is w a composite number?
False
Suppose 4*x + 5*s = 3, 0 = -4*x + s - 7 + 40. Let j(m) = 3*m - 1. Let l(w) = 2*w - 1. Let i(g) = 5*j(g) - 6*l(g). Is i(x) prime?
False
Let o(z) be the second derivative of z**4/6 - 2*z**3/3 + 7*z**2/2 - 5*z. Is o(6) prime?
False
Suppose 4*y = 12, 2*f + 3*y - 4*y = 175. Is f prime?
True
Suppose 0 = -8*n + 1193 + 2159. Is n a prime number?
True
Let u = -1462 - -2135. Is u composite?
False
Is (11/(-3))/(25/(-1425)) a composite number?
True
Is 3/(-9)*(2 + -1888 - 1) a prime number?
False
Let p(k) = -3*k**2 + 5*k + 23. Let z(q) = -2*q**2 + 3*q + 11. Let s(t) = 3*p(t) - 5*z(t). Is s(0) a prime number?
False
Let g = -4 + 4. Let p be 0/(-1 - (-2 - g)). Suppose p = -2*k + 22. Is k a prime number?
True
Is (-18870)/(-45)*(-3)/(-2) a prime number?
False
Is -1 + 90 + 2/1 a composite number?
True
Suppose 2*b - 94 - 249 = -r, -3*b = 2*r - 688. Is r a composite number?
False
Suppose -4*o + o = -3*z - 3, 0 = o + 5*z + 5. Suppose o*c + 154 = 2*c. Is c a prime number?
False
Suppose -4 = 2*t + k, -6*t = -2*t - 2*k - 8. Suppose 0 = 2*z + 3*i - 121, 2*i - 238 = -4*z - t*i. Is z composite?
False
Let b(l) = l**3 - l**2 - 4*l - 1. Let p be b(3). Suppose 2*y = p*y - 153. Is y composite?
True
Is 97*26*(21/(-6))/(-7) a prime number?
False
Suppose -2*i = 6 + 2. Let b = i - -10. Is 2 - (-33 + b/(-3)) composite?
False
Suppose -842 = -3*i - 287. Is i a prime number?
False
Let h be (-3 + -2)*(-66)/(-2). Let r = h + 328. Is r composite?
False
Let k = 639 - 425. Is k prime?
False
Suppose z - 10 = -4*z. Let c be z/(-8) - 445/(-4). Suppose -4*y = 23 - c. Is y prime?
False
Let u(g) = 2*g**3 + 6*g**2 + 3*g - 2*g + 3 - 3*g**3. Let w(n) = n. Let i be w(5). Is u(i) a composite number?
True
Suppose -2*s = -3*f - 3*s + 8, 0 = -3*s - 12. Suppose v = f*v - 111. Is v composite?
False
Let c = -1136 + 3789. Is c a prime number?
False
Let l(t) = -t**3 - 11*t**2 - 1. Is l(-13) a composite number?
False
Let j = 889 + 97. Let h = j + -589. Is h a composite number?
False
Let z(a) = -13*a**3 - 3*a**2 + 5*a - 1. Is z(-4) a prime number?
False
Let f(i) = 1 - 76*i**3 + 3*i**2 - 3*i**2. Let z be 4/14 + (-9)/7. Is f(z) prime?
False
Let f be 169/52 - 3/(-4). Suppose 0 = g, -2*g - 1172 = f*x - 8*x. Is x composite?
False
Is (477/(-2) + -1)/((-1)/2) a composite number?
False
Suppose 3*x - 2*y = 3607, 0*x + 3*x - 3599 = -2*y. Is x a composite number?
False
Let i = 585 + 167. Is (1/(-2))/((-8)/i) a composite number?
False
Let f(g) = 2*g + 12. Let w be f(-5). Let a be (-12)/(-7) + 4/14. Suppose 2*h - h + w*s - 2 = 0, -a*h = s - 16. Is h a composite number?
True
Suppose 4*a + 0*a = -100. Let j = 44 + a. Is j a composite number?
False
Let z(v) = v - 6. Let x be z(8). Suppose -206 + 49 = -m + 2*f, x*f - 439 = -3*m. Is m prime?
True
Let v = -11 - -11. Suppose 0 = -2*b + t + 379, -t + 5*t - 12 = v. Is b a composite number?
False
Suppose 3*n - 218 = 751. Is n a prime number?
False
Suppose -p - 28 = -2*i + 2*p, 0 = 2